*i - 30. Let r(t) = t**2 - 6*t - 11. Let c be r(8). Calculate the highest common factor of c and w.
5
Let t = 2 - 5. Let n be (-99)/(-6) - t/(-2). What is the greatest common divisor of 60 and n?
15
Let m = 5 + -12. Let q be (-590)/m + (-6)/21. Calculate the highest common divisor of q and 12.
12
Let a(h) = 2*h**2 - 7*h + 1. Suppose 0 = -2*y - y + 15. Let k be a(y). Calculate the highest common factor of k and 32.
16
Let f = 6 + -1. Suppose -x - 5*v + 5 = 0, 3*v + 2*v + 5 = 0. Calculate the highest common factor of x and f.
5
Suppose -3*z + 33 = -60. What is the highest common factor of 155 and z?
31
Let b be -4 + 8 - (-3 - -3). What is the greatest common factor of 2 and b?
2
Suppose -2*o + 3*o = -5*w + 81, 4*o - 52 = -3*w. Calculate the greatest common factor of 8 and w.
8
Suppose 2*d + 3 - 5 = 0. Let i be -12*d*1/2. Let x be (2/5)/(i/(-180)). What is the highest common factor of 60 and x?
12
Let q be (-8)/14 - 95/(-7). What is the highest common factor of q and 143?
13
Suppose -o - 4*o + 140 = 0. What is the highest common divisor of o and 35?
7
Suppose -g - 49 = -2*x, -g + 5*g - 68 = -3*x. Suppose 4*n = 2*i, 4*i + 5*n = 44 + 8. Calculate the highest common divisor of i and x.
8
Suppose -7*j - 464 = -9*j. What is the highest common factor of 8 and j?
8
Let d(u) = 5*u + 9. Let y be d(5). Suppose 6*f = 3*f - 4*n + 63, 2*n - 23 = -f. What is the highest common divisor of y and f?
17
Let x(p) = 2*p**2 + p - 8. Let d be x(6). Suppose -4*n + n + 131 = 5*c, c - 19 = -3*n. Calculate the highest common divisor of d and c.
14
Let d be 1 - (-15 - 6)*(-2)/(-2). What is the greatest common factor of d and 44?
22
Suppose z = -2*m + 28, 3*z + 2 = -m + 11. Calculate the greatest common factor of 20 and m.
5
Let s = 8 + -3. Suppose 3*z - 125 = 5*b, 0*b = z + s*b - 55. Calculate the highest common factor of 30 and z.
15
Let t(y) = -y**3 + 3*y + 5*y**2 - 5*y + 5*y + 2 + 5*y. Let n be t(6). Let k be (7/(-2))/(2/(-88)). What is the greatest common divisor of k and n?
14
Let p be 19/(-4 + (-44)/(-12)). Let g = 176 + p. Calculate the highest common factor of g and 17.
17
Let z = 29 + 13. Suppose 86*i - 80*i = 36. Calculate the highest common factor of z and i.
6
Let o = 9 + -3. Suppose -o*s = -3*s. Suppose l = -s*r - 2*r + 2, -4*l - 5*r + 14 = 0. What is the greatest common divisor of 18 and l?
6
Let o(b) = b - 2. Let u(z) = -7*z - 1. Let r be u(-1). Let a be o(r). What is the highest common divisor of 32 and a?
4
Let a be (0 - 2 - 33)*10/(-25). Calculate the highest common factor of 70 and a.
14
Let c = -51 + 75. Let p(r) = -10*r. Let g be p(-6). What is the highest common factor of c and g?
12
Let a = 24 + -19. Calculate the highest common divisor of a and 25.
5
Let y(s) = 14*s**2 - 3*s + 2. Let q be y(2). What is the greatest common factor of q and 13?
13
Let c be (6/(-4) + -2)*-2. Suppose -8*o = -252 + 84. Calculate the greatest common factor of c and o.
7
Let d(y) = y**2 - 3*y + 2. Let x be d(2). Let f be (-43 - x) + (-2 - 0). Let z be -6*6/f*80. Calculate the highest common divisor of 8 and z.
8
Let s be (3 + (-20)/8)*0. Suppose -5*u = -q + 85, -3*q + s*u = -u - 185. What is the highest common divisor of q and 12?
12
Suppose 5*c = -2*h + 8, 5*h = -c + 2*c - 7. Suppose -l + 1 = -r, c*l - 25 = -5*r - 9. Let o be 10/l + (-1)/3. Calculate the greatest common divisor of 3 and o.
3
Let r = -2 + 5. Suppose -r*w + 256 = w. Suppose -2*s + 4*y = 2*s - w, -4*s = -2*y - 64. Calculate the highest common factor of 8 and s.
8
Suppose -y + 24 = 3*y. Suppose -2*v + v = -y. Calculate the highest common divisor of 54 and v.
6
Let p = 72 - 43. Suppose -p = -3*a + 31. What is the greatest common divisor of 30 and a?
10
Let y(x) = -3*x + 16. Let t be y(-9). What is the greatest common factor of t and 129?
43
Let f = 8 - 6. Suppose 0 = b + b + 3*d - 32, -2*b = f*d - 36. Calculate the highest common factor of b and 2.
2
Let t be (-9 - -8)/((-1)/19). Let k be ((-38)/(-4))/(2/4). Calculate the highest common factor of k and t.
19
Let b(t) = 23*t**3 - 2*t + 1. Let p(n) = n**3 - 8*n**2 + 8*n - 6. Let j be p(7). Let r be b(j). Calculate the greatest common divisor of 11 and r.
11
Suppose d - 86 = -0*d. Suppose -d - 508 = -3*b. Calculate the greatest common divisor of b and 18.
18
Let n(b) = -3*b - 29. Let d be n(-13). What is the highest common factor of 10 and d?
10
Let l(q) = -q**2 - 12*q - 7. Let o be l(-8). Suppose o + 134 = 3*y. Let w = -26 + y. Calculate the highest common divisor of w and 3.
3
Let k(t) = t**3 + 2*t**2 - t + 1. Let w be k(-3). Let y be 0 + 1 + (-51 - w). Let o be (y/(-2))/((-4)/(-8)). What is the highest common factor of o and 30?
15
Suppose 0 = 4*u + 3*p - 252, 0*p = 5*u - 3*p - 288. What is the greatest common factor of u and 12?
12
Suppose 3*m - 5*m + 400 = 0. What is the highest common divisor of 25 and m?
25
Let w(k) = -k**3 - 9*k**2 - 3*k - 17. Let n be w(-9). Suppose 2*m = 3*j + 55, 0*m - 4*j = -5*m + 120. What is the highest common divisor of m and n?
10
Let g(d) = -86*d**3 + 10*d - 10. Let l(q) = -29*q**3 + 3*q - 3. Let k(o) = -3*g(o) + 10*l(o). Let u be k(-1). What is the highest common divisor of 16 and u?
16
Let t = 281 - 191. What is the greatest common factor of 18 and t?
18
Let s(k) = 9*k + 9. Let x be s(0). What is the greatest common divisor of 9 and x?
9
Let r be (-4)/14 - (-45)/35. What is the greatest common divisor of r and 1?
1
Suppose 4*h = 11 + 9. What is the highest common factor of h and 20?
5
Let z be 4/14 + (-1590)/(-70). Suppose -z*g - 10 = -25*g. What is the highest common divisor of g and 20?
5
Let h(n) = 3 - 3 + 2*n**3 + n + 4 - 7*n**2 - 7. Let o be h(5). Calculate the greatest common divisor of o and 7.
7
Let p(d) = d**2 + 3*d + 9. Let h be p(-4). Calculate the highest common divisor of 65 and h.
13
Let g = 26 + -20. What is the greatest common divisor of 15 and g?
3
Let f be (1/3)/(3/162). Calculate the highest common divisor of f and 36.
18
Let b be -1*(-1 - -2 - 2). Let n(j) = j**2 + 14*j - 14. Let r be n(-15). Calculate the greatest common factor of r and b.
1
Let c = 12 + -7. Suppose -t = c*o - 66, 4*t + o - 3*o = 220. Calculate the highest common factor of 8 and t.
8
Let d be 2*10/4 - 2. Suppose 5 + d = r. Suppose -4*v + 16 = -3*s - 0*s, 0 = -2*s - 8. Calculate the greatest common factor of r and v.
1
Suppose -5*q = 1 - 6, 5*c + 5*q = -20. Let o be (c - -4) + (-23)/(-1). Calculate the greatest common divisor of o and 44.
22
Suppose 0 = -5*n + 3*p - 272, p = 5*n + 6*p + 280. Let r be n/(-15) - (-1)/3. Let c = -3 + r. Calculate the greatest common factor of 11 and c.
1
Let x(m) = m**2 - 12*m + 12. Let y be x(11). Calculate the highest common factor of y and 8.
1
Suppose c + 5*l = 4*c - 16, -c + 3*l = -4. Suppose 45 + c = 2*z. Let q(h) = 64*h**3 + h**2. Let m be q(1). What is the highest common factor of z and m?
13
Suppose 0 = -g - 4*w - 2, -4*g - 31 + 98 = w. Let z be 654/g - (-2)/(-6). Calculate the greatest common factor of 90 and z.
18
Suppose -21 - 375 = -4*c. Let n = 2 - -7. Calculate the highest common divisor of n and c.
9
Let t be ((-45)/(-12))/((-6)/(-80)). Calculate the greatest common factor of t and 10.
10
Suppose p = -2*w + 1 + 6, -5*w = -2*p + 5. Suppose 5*q + 3*l = 769, -3*q = -p*l + 129 - 570. What is the greatest common divisor of 19 and q?
19
Let i be 1/(0 - (-2)/16). Calculate the highest common factor of i and 64.
8
Let b be 442/11 + 4 + (-92)/22. What is the highest common divisor of b and 4?
4
Let f = -56 - -184. Let z(d) = 2*d - 9. Let c be z(9). Suppose 0 = 7*l - c*l + 32. What is the highest common divisor of l and f?
16
Let q = -3 + -1. Let k be -3 - -1 - q - -43. What is the highest common factor of k and 18?
9
Let f(v) = 3*v + 1. Let y be f(6). Suppose y = 5*c - 11. Calculate the greatest common factor of 12 and c.
6
Suppose 3*g + 59 = 2*t + 2*g, 76 = 3*t + g. Let m be 1/(((-1)/1)/(-3)). Calculate the greatest common divisor of m and t.
3
Let x = 1141 + 14. Suppose 4*q - x = -q + 5*i, -231 = -q - i. Calculate the greatest common divisor of 21 and q.
21
Let z(f) = -f**3 + 8*f**2 - 3*f + 4. Let d be z(7). Let m(j) = 5 - 1 + j - 2. Let p be m(6). What is the greatest common factor of p and d?
8
Let h be -30*(48/(-15) - 0). Calculate the highest common factor of h and 12.
12
Suppose -u - 87 = -f -